{"id":617,"date":"2022-06-06T12:05:02","date_gmt":"2022-06-06T12:05:02","guid":{"rendered":"http:\/\/sierrasan.es\/?page_id=617"},"modified":"2022-10-17T10:14:11","modified_gmt":"2022-10-17T10:14:11","slug":"proteccion-de-datos","status":"publish","type":"page","link":"https:\/\/sierrasan.es\/en\/proteccion-de-datos\/","title":{"rendered":"Protecci\u00f3n de datos"},"content":{"rendered":"<p>[et_pb_section fb_built=\u00bb1&#8243; _builder_version=\u00bb4.14.9&#8243; _module_preset=\u00bbdefault\u00bb da_disable_devices=\u00bboff|off|off\u00bb global_colors_info=\u00bb{}\u00bb da_is_popup=\u00bboff\u00bb da_exit_intent=\u00bboff\u00bb da_has_close=\u00bbon\u00bb da_alt_close=\u00bboff\u00bb da_dark_close=\u00bboff\u00bb da_not_modal=\u00bbon\u00bb da_is_singular=\u00bboff\u00bb da_with_loader=\u00bboff\u00bb da_has_shadow=\u00bbon\u00bb][et_pb_row _builder_version=\u00bb4.14.9&#8243; _module_preset=\u00bbdefault\u00bb global_colors_info=\u00bb{}\u00bb][et_pb_column type=\u00bb4_4&#8243; _builder_version=\u00bb4.14.9&#8243; _module_preset=\u00bbdefault\u00bb global_colors_info=\u00bb{}\u00bb][et_pb_text _builder_version=\u00bb4.14.9&#8243; _module_preset=\u00bbdefault\u00bb text_line_height=\u00bb2em\u00bb header_text_color=\u00bb#E02B20&#8243; header_2_text_color=\u00bb#E02B20&#8243; hover_enabled=\u00bb0&#8243; global_colors_info=\u00bb{}\u00bb sticky_enabled=\u00bb0&#8243;]<\/p>\n<h1><span style=\"font-size: 30px;\">Protecci\u00f3n de datos<\/span><\/h1>\n<p><span style=\"color: #e02b20;\">PROTECCI\u00d3N DE DATOS<\/span> <br \/>SIERRASAN EQUIPAMIENTOS S.L. cumple con las directrices de la Ley Org\u00e1nica 15\/1999 de 13 de diciembre de Protecci\u00f3n de Datos de Car\u00e1cter Personal, el Real Decreto 1720\/2007 de 21 de diciembre por el que se aprueba el Reglamento de desarrollo de la Ley Org\u00e1nica y dem\u00e1s normativa vigente en cada momento, y vela <br \/>por garantizar un correcto uso y tratamiento de los datos personales del usuario. Para ello, junto a cada formulario de recabo de datos de car\u00e1cter personal, en los servicios que el usuario pueda solicitar a comercial@elwe.es, har\u00e1 saber al usuario de la existencia y aceptaci\u00f3n de las condiciones particulares del tratamiento de sus datos en cada caso, inform\u00e1ndole de la responsabilidad del fichero creado, la direcci\u00f3n del responsable, la posibilidad de ejercer sus derechos de acceso, rectificaci\u00f3n, cancelaci\u00f3n u oposici\u00f3n, la finalidad del tratamiento y las comunicaciones de datos a terceros en su caso. <br \/>Asimismo, SIERRASAN EQUIPAMIENTOS S.L. informa que da cumplimiento a la Ley 34\/2002 de 11 de julio, de Servicios de la Sociedad de la Informaci\u00f3n y el Comercio Electr\u00f3nico y le solicitar\u00e1 su consentimiento al tratamiento de su correo electr\u00f3nico con fines comerciales en cada momento<\/p>\n<p>[\/et_pb_text][\/et_pb_column][\/et_pb_row][\/et_pb_section][et_pb_section fb_built=\u00bb1&#8243; prev_background_color=\u00bb#000000&#8243; disabled_on=\u00bboff|off|off\u00bb _builder_version=\u00bb4.14.9&#8243; _module_preset=\u00bbdefault\u00bb custom_margin=\u00bb40px||40px||true|false\u00bb custom_padding=\u00bb0px||0px||false|false\u00bb top_divider_style=\u00bbcurve\u00bb top_divider_height=\u00bb1px\u00bb top_divider_arrangement=\u00bbabove_content\u00bb da_disable_devices=\u00bboff|off|off\u00bb global_module=\u00bb52&#8243; saved_tabs=\u00bball\u00bb global_colors_info=\u00bb{}\u00bb da_is_popup=\u00bboff\u00bb da_exit_intent=\u00bboff\u00bb da_has_close=\u00bbon\u00bb da_alt_close=\u00bboff\u00bb da_dark_close=\u00bboff\u00bb da_not_modal=\u00bbon\u00bb da_is_singular=\u00bboff\u00bb da_with_loader=\u00bboff\u00bb da_has_shadow=\u00bbon\u00bb][et_pb_row _builder_version=\u00bb4.14.9&#8243; _module_preset=\u00bbdefault\u00bb global_colors_info=\u00bb{}\u00bb][et_pb_column type=\u00bb4_4&#8243; _builder_version=\u00bb4.14.9&#8243; _module_preset=\u00bbdefault\u00bb global_colors_info=\u00bb{}\u00bb][et_pb_divider _builder_version=\u00bb4.14.9&#8243; _module_preset=\u00bbdefault\u00bb global_colors_info=\u00bb{}\u00bb][\/et_pb_divider][\/et_pb_column][\/et_pb_row][et_pb_row column_structure=\u00bb1_2,1_2&#8243; _builder_version=\u00bb4.14.9&#8243; _module_preset=\u00bbdefault\u00bb global_colors_info=\u00bb{}\u00bb][et_pb_column type=\u00bb1_2&#8243; _builder_version=\u00bb4.14.9&#8243; _module_preset=\u00bbdefault\u00bb custom_padding=\u00bb||43px|140px|false|false\u00bb global_colors_info=\u00bb{}\u00bb][et_pb_blurb title=\u00bbTelf. 674 070 393&#8243; content_tablet=\u00bb<\/p>\n<h1>Sierrasan<\/h1>\n<p>Calle Aleixandre, 4<\/p>\n<p>28033 &#8211; Madrid<\/p>\n<p><span style=\"%22color:\" #686868;%22><a href=\"\/en\/\"mailto:comercial@sierrasan.es\"\/\" style=\"%22color:\" #686868;%22>comercial@sierrasan.es<\/a><\/span><\/p>\n<\/p>\n<p>\u00bb content_phone=\u00bb<\/p>\n<h1 style=\"%22text-align:\" justify;%22>Sierrasan<\/h1>\n<p style=\"%22text-align:\" justify;%22>Calle Aleixandre, 4<\/p>\n<p style=\"%22text-align:\" justify;%22>28033 &#8211; Madrid<\/p>\n<p><span style=\"%22color:\" #686868;%22><a href=\"\/en\/\"mailto:comercial@sierrasan.es\"\/\" style=\"%22color:\" #686868;%22>comercial@sierrasan.es<\/a><\/span><\/p>\n<\/p>\n<p>\u00bb content_last_edited=\u00bbon|tablet\u00bb _builder_version=\u00bb4.14.9&#8243; _module_preset=\u00bbdefault\u00bb header_font=\u00bb|700|||||||\u00bb header_text_align=\u00bbleft\u00bb header_text_color=\u00bb#dd1f25&#8243; header_font_size=\u00bb23px\u00bb body_text_align=\u00bbleft\u00bb body_text_color=\u00bb#747370&#8243; body_font_size=\u00bb15px\u00bb body_line_height=\u00bb0.3em\u00bb text_orientation_tablet=\u00bbcenter\u00bb text_orientation_phone=\u00bbleft\u00bb text_orientation_last_edited=\u00bbon|tablet\u00bb global_colors_info=\u00bb{}\u00bb]<\/p>\n<h1 style=\"text-align: left;\">Sierrasan<\/h1>\n<p style=\"text-align: left;\">Calle Aleixandre, 4<\/p>\n<p style=\"text-align: left;\">28033 &#8211; Madrid<\/p>\n<p style=\"text-align: left;\"><span style=\"color: #686868;\"><a href=\"mailto:comercial@sierrasan.es\" style=\"color: #686868;\">comercial@sierrasan.es<\/a><\/span><\/p>\n<p>&nbsp;<\/p>\n<p>&nbsp;<\/p>\n<p>[\/et_pb_blurb][et_pb_text _builder_version=\u00bb4.14.9&#8243; _module_preset=\u00bbdefault\u00bb text_text_color=\u00bb#747370&#8243; text_font_size=\u00bb16px\u00bb global_colors_info=\u00bb{}\u00bb]<\/p>\n<p><span style=\"color: #747370;\"><a href=\"https:\/\/goo.gl\/maps\/5hxBrNbfPtinVYcS7\" target=\"_blank\" rel=\"noopener noreferrer\" style=\"color: #747370;\"><strong>GOOGLE MAPS<\/strong><\/a><\/span><\/p>\n<p>[\/et_pb_text][\/et_pb_column][et_pb_column type=\u00bb1_2&#8243; _builder_version=\u00bb4.14.9&#8243; _module_preset=\u00bbdefault\u00bb global_colors_info=\u00bb{}\u00bb][et_pb_text _builder_version=\u00bb4.14.9&#8243; _module_preset=\u00bbdefault\u00bb text_text_color=\u00bb#E02B20&#8243; text_line_height=\u00bb0.5em\u00bb text_orientation=\u00bbcenter\u00bb custom_margin=\u00bb||||false|false\u00bb global_colors_info=\u00bb{}\u00bb custom_margin__hover_enabled=\u00bboff|desktop\u00bb]<\/p>\n<p>&nbsp;<\/p>\n<p>Pol\u00edtica de Privacidad\u00a0<\/p>\n<p><span style=\"color: #e02b20;\">Pol\u00edtica de Cookies<\/span><\/p>\n<p>Aviso Legal<\/p>\n<p>Protecci\u00f3n de datos<\/p>\n<p>&nbsp;<\/p>\n<p>[\/et_pb_text][\/et_pb_column][\/et_pb_row][\/et_pb_section]<\/p>","protected":false},"excerpt":{"rendered":"<p>Protecci\u00f3n de datos PROTECCI\u00d3N DE DATOS SIERRASAN EQUIPAMIENTOS S.L. cumple con las directrices de la Ley Org\u00e1nica 15\/1999 de 13 de diciembre de Protecci\u00f3n de Datos de Car\u00e1cter Personal, el Real Decreto 1720\/2007 de 21 de diciembre por el que se aprueba el Reglamento de desarrollo de la Ley Org\u00e1nica y dem\u00e1s normativa vigente en [&hellip;]<\/p>","protected":false},"author":1,"featured_media":0,"parent":0,"menu_order":0,"comment_status":"closed","ping_status":"closed","template":"","meta":{"_et_pb_use_builder":"on","_et_pb_old_content":"","_et_gb_content_width":"","footnotes":""},"_links":{"self":[{"href":"https:\/\/sierrasan.es\/en\/wp-json\/wp\/v2\/pages\/617"}],"collection":[{"href":"https:\/\/sierrasan.es\/en\/wp-json\/wp\/v2\/pages"}],"about":[{"href":"https:\/\/sierrasan.es\/en\/wp-json\/wp\/v2\/types\/page"}],"author":[{"embeddable":true,"href":"https:\/\/sierrasan.es\/en\/wp-json\/wp\/v2\/users\/1"}],"replies":[{"embeddable":true,"href":"https:\/\/sierrasan.es\/en\/wp-json\/wp\/v2\/comments?post=617"}],"version-history":[{"count":2,"href":"https:\/\/sierrasan.es\/en\/wp-json\/wp\/v2\/pages\/617\/revisions"}],"predecessor-version":[{"id":620,"href":"https:\/\/sierrasan.es\/en\/wp-json\/wp\/v2\/pages\/617\/revisions\/620"}],"wp:attachment":[{"href":"https:\/\/sierrasan.es\/en\/wp-json\/wp\/v2\/media?parent=617"}],"curies":[{"name":"wp","href":"https:\/\/api.w.org\/{rel}","templated":true}]}}

Protección de datos

<p>[et_pb_section fb_built=»1&#8243; _builder_version=»4.14.9&#8243; _module_preset=»default» da_disable_devices=»off|off|off» global_colors_info=»{}» da_is_popup=»off» da_exit_intent=»off» da_has_close=»on» da_alt_close=»off» da_dark_close=»off» da_not_modal=»on» da_is_singular=»off» da_with_loader=»off» da_has_shadow=»on»][et_pb_row _builder_version=»4.14.9&#8243; _module_preset=»default» global_colors_info=»{}»][et_pb_column type=»4_4&#8243; _builder_version=»4.14.9&#8243; _module_preset=»default» global_colors_info=»{}»][et_pb_text _builder_version=»4.14.9&#8243; _module_preset=»default» text_line_height=»2em» header_text_color=»#E02B20&#8243; header_2_text_color=»#E02B20&#8243; hover_enabled=»0&#8243; global_colors_info=»{}» sticky_enabled=»0&#8243;]</p>
<h1><span style="font-size: 30px;">Protección de datos</span></h1>
<p><span style="color: #e02b20;">PROTECCIÓN DE DATOS</span> <br />SIERRASAN EQUIPAMIENTOS S.L. cumple con las directrices de la Ley Orgánica 15/1999 de 13 de diciembre de Protección de Datos de Carácter Personal, el Real Decreto 1720/2007 de 21 de diciembre por el que se aprueba el Reglamento de desarrollo de la Ley Orgánica y demás normativa vigente en cada momento, y vela <br />por garantizar un correcto uso y tratamiento de los datos personales del usuario. Para ello, junto a cada formulario de recabo de datos de carácter personal, en los servicios que el usuario pueda solicitar a comercial@elwe.es, hará saber al usuario de la existencia y aceptación de las condiciones particulares del tratamiento de sus datos en cada caso, informándole de la responsabilidad del fichero creado, la dirección del responsable, la posibilidad de ejercer sus derechos de acceso, rectificación, cancelación u oposición, la finalidad del tratamiento y las comunicaciones de datos a terceros en su caso. <br />Asimismo, SIERRASAN EQUIPAMIENTOS S.L. informa que da cumplimiento a la Ley 34/2002 de 11 de julio, de Servicios de la Sociedad de la Información y el Comercio Electrónico y le solicitará su consentimiento al tratamiento de su correo electrónico con fines comerciales en cada momento</p>
<p>[/et_pb_text][/et_pb_column][/et_pb_row][/et_pb_section][et_pb_section fb_built=»1&#8243; prev_background_color=»#000000&#8243; disabled_on=»off|off|off» _builder_version=»4.14.9&#8243; _module_preset=»default» custom_margin=»40px||40px||true|false» custom_padding=»0px||0px||false|false» top_divider_style=»curve» top_divider_height=»1px» top_divider_arrangement=»above_content» da_disable_devices=»off|off|off» global_module=»52&#8243; saved_tabs=»all» global_colors_info=»{}» da_is_popup=»off» da_exit_intent=»off» da_has_close=»on» da_alt_close=»off» da_dark_close=»off» da_not_modal=»on» da_is_singular=»off» da_with_loader=»off» da_has_shadow=»on»][et_pb_row _builder_version=»4.14.9&#8243; _module_preset=»default» global_colors_info=»{}»][et_pb_column type=»4_4&#8243; _builder_version=»4.14.9&#8243; _module_preset=»default» global_colors_info=»{}»][et_pb_divider _builder_version=»4.14.9&#8243; _module_preset=»default» global_colors_info=»{}»][/et_pb_divider][/et_pb_column][/et_pb_row][et_pb_row column_structure=»1_2,1_2&#8243; _builder_version=»4.14.9&#8243; _module_preset=»default» global_colors_info=»{}»][et_pb_column type=»1_2&#8243; _builder_version=»4.14.9&#8243; _module_preset=»default» custom_padding=»||43px|140px|false|false» global_colors_info=»{}»][et_pb_blurb title=»Telf. 674 070 393&#8243; content_tablet=»</p>
<h1>Sierrasan</h1>
<p>Calle Aleixandre, 4</p>
<p>28033 &#8211; Madrid</p>
<p><span style="%22color:" #686868;%22><a href="/en/"mailto:comercial@sierrasan.es"/" style="%22color:" #686868;%22>comercial@sierrasan.es</a></span></p>
</p>
<p>» content_phone=»</p>
<h1 style="%22text-align:" justify;%22>Sierrasan</h1>
<p style="%22text-align:" justify;%22>Calle Aleixandre, 4</p>
<p style="%22text-align:" justify;%22>28033 &#8211; Madrid</p>
<p><span style="%22color:" #686868;%22><a href="/en/"mailto:comercial@sierrasan.es"/" style="%22color:" #686868;%22>comercial@sierrasan.es</a></span></p>
</p>
<p>» content_last_edited=»on|tablet» _builder_version=»4.14.9&#8243; _module_preset=»default» header_font=»|700|||||||» header_text_align=»left» header_text_color=»#dd1f25&#8243; header_font_size=»23px» body_text_align=»left» body_text_color=»#747370&#8243; body_font_size=»15px» body_line_height=»0.3em» text_orientation_tablet=»center» text_orientation_phone=»left» text_orientation_last_edited=»on|tablet» global_colors_info=»{}»]</p>
<h1 style="text-align: left;">Sierrasan</h1>
<p style="text-align: left;">Calle Aleixandre, 4</p>
<p style="text-align: left;">28033 &#8211; Madrid</p>
<p style="text-align: left;"><span style="color: #686868;"><a href="mailto:comercial@sierrasan.es" style="color: #686868;">comercial@sierrasan.es</a></span></p>
<p>&nbsp;</p>
<p>&nbsp;</p>
<p>[/et_pb_blurb][et_pb_text _builder_version=»4.14.9&#8243; _module_preset=»default» text_text_color=»#747370&#8243; text_font_size=»16px» global_colors_info=»{}»]</p>
<p><span style="color: #747370;"><a href="https://goo.gl/maps/5hxBrNbfPtinVYcS7" target="_blank" rel="noopener noreferrer" style="color: #747370;"><strong>GOOGLE MAPS</strong></a></span></p>
<p>[/et_pb_text][/et_pb_column][et_pb_column type=»1_2&#8243; _builder_version=»4.14.9&#8243; _module_preset=»default» global_colors_info=»{}»][et_pb_text _builder_version=»4.14.9&#8243; _module_preset=»default» text_text_color=»#E02B20&#8243; text_line_height=»0.5em» text_orientation=»center» custom_margin=»||||false|false» global_colors_info=»{}» custom_margin__hover_enabled=»off|desktop»]</p>
<p>&nbsp;</p>
<p>Política de Privacidad </p>
<p><span style="color: #e02b20;">Política de Cookies</span></p>
<p>Aviso Legal</p>
<p>Protección de datos</p>
<p>&nbsp;</p>
<p>[/et_pb_text][/et_pb_column][/et_pb_row][/et_pb_section]</p>

<p>Protección de datos PROTECCIÓN DE DATOS SIERRASAN EQUIPAMIENTOS S.L. cumple con las directrices de la Ley Orgánica 15/1999 de 13 de diciembre de Protección de Datos de Carácter Personal, el Real Decreto 1720/2007 de 21 de diciembre por el que se aprueba el Reglamento de desarrollo de la Ley Orgánica y demás normativa vigente en [&hellip;]</p>
